-534*j**3 - 27*j**2 + j + 29. Determine x(-1).
535
Let l(q) = 2*q**2 - 740*q - 743. Give l(-1).
-1
Let d(i) = -i**2 + 595*i - 62338. Calculate d(136).
86
Let n(f) = -2*f**3 - 8*f**2 - 268*f + 1745. What is n(5)?
-45
Let g(q) = -19*q**2 - 3028*q + 432893. Give g(91).
6
Let u(m) = -3*m**2 + 34*m + 180. Give u(23).
-625
Let g(n) = n**3 - 274*n**2 + 18648*n - 59. Calculate g(148).
-59
Let z(c) = c**2 - 678*c - 19037. Calculate z(-27).
-2
Let o(q) = -2597*q + 233671. What is o(90)?
-59
Let f(m) = m**3 - 68*m**2 - 4344*m + 294250. Calculate f(70).
-30
Let w(n) = 2*n**2 + 686*n + 17979. Determine w(-28).
339
Let c(x) = 5*x**3 + 1646*x**2 + 266*x - 20716. Determine c(-329).
11
Let p(x) = x**2 - 313*x + 1075. Determine p(309).
-161
Let n(r) = -219536*r - 5268867. Calculate n(-24).
-3
Let k(p) = 17*p**2 + 366*p + 221. Determine k(-21).
32
Let s(l) = 136*l - 12706. Give s(77).
-2234
Let n(p) = 458*p - 225322. What is n(492)?
14
Let d(t) = -109166*t + 1309968. Determine d(12).
-24
Let v(c) = c**3 + 305*c**2 + 5092*c - 21238. Give v(-287).
0
Let v(c) = -6*c**3 + 36*c**2 - 7*c. Determine v(2).
82
Let f(b) = 4*b**2 + 6*b - 529. Give f(11).
21
Let j(o) = 9*o + 1886. Calculate j(-37).
1553
Let f(u) = -6595*u + 79124. Determine f(12).
-16
Let y(k) = -963*k**2 + 333184*k + 4830. Calculate y(346).
-14
Let y(z) = -125*z**2 - 90*z + 158. Determine y(2).
-522
Let y(a) = 142108*a - 2415760. Give y(17).
76
Let x(p) = p**3 + 45*p**2 + 130*p - 67. Determine x(-43).
-1959
Let l(a) = -3*a**3 - 97*a**2 - 29*a + 373. Determine l(-32).
277
Let l(d) = 2*d**3 - 16*d**2 + 10*d + 28. Determine l(-4).
-396
Let o(h) = -2*h**2 - 3230*h - 6462. Calculate o(-2).
-10
Let o(p) = -26*p**3 + 10*p**2 + 284*p + 1185. Give o(-6).
5457
Let j(o) = -o**3 - 706*o + 2849. Determine j(4).
-39
Let r(b) = -2*b**3 - 19*b**2 + 76*b + 576. Determine r(-11).
103
Let c(r) = -4*r**2 + 2468*r - 338676. What is c(206)?
-12
Let r(a) = 7*a**3 + 1506*a**2 + 192*a - 4950. What is r(-215)?
-5
Let y(z) = 1025*z + 99449. Give y(-97).
24
Let l(d) = -3532*d + 183661. Calculate l(52).
-3
Let y(z) = 36561*z + 3692633. Give y(-101).
-28
Let s(m) = m**2 + 410*m - 16073. Give s(36).
-17
Let k(i) = i**3 + 58*i**2 - 1991*i - 115414. What is k(-58)?
64
Let h(a) = 195*a + 23227. Give h(-116).
607
Let j(w) = -37*w + 523. What is j(32)?
-661
Let m(r) = 182*r**2 - 139002*r - 35152. What is m(764)?
-8
Let g(s) = 7*s**2 - 25*s - 195. Calculate g(-5).
105
Let i(o) = 9803*o - 29419. What is i(3)?
-10
Let y(h) = -2*h**2 + 1322*h - 13090. Give y(10).
-70
Let g(n) = n**2 - 877*n - 57188. Calculate g(-61).
30
Let h(o) = -2*o**2 - 128*o - 809. What is h(0)?
-809
Let c(g) = -105*g + 894. What is c(37)?
-2991
Let u(q) = -3*q**2 - 699*q - 8031. Determine u(-221).
-75
Let u(g) = g**3 + 12*g**2 + 199*g + 7165. Calculate u(-20).
-15
Let q(y) = -39158*y - 548255. Give q(-14).
-43
Let m(y) = y**2 + 113*y - 3977. Determine m(-135).
-1007
Let p(r) = -3*r**3 + 369*r**2 - 3083*r + 82. Calculate p(9).
37
Let o(f) = -5*f**3 + 1580*f**2 + 7*f - 2239. Give o(316).
-27
Let a(z) = -4*z**2 + 173*z - 1947. Determine a(17).
-162
Let d(c) = -2*c**3 - 182*c**2 - 149*c + 2954. Calculate d(-90).
164
Let o(q) = -955*q**2 + 2042*q - 287. Calculate o(2).
-23
Let p(i) = i**2 + 724*i - 1792731. What is p(1025)?
-6
Let b(r) = 2555*r + 12732. Give b(-5).
-43
Let v(w) = -78*w**2 - 2623*w + 6623. Calculate v(-36).
-37
Let a(z) = 246*z + 4375. Determine a(-31).
-3251
Let j(a) = a**3 - 67*a**2 + 40809*a - 2825351. Calculate j(69).
-8
Let l(d) = -d**3 - 11*d**2 - 2260*d - 24857. Give l(-11).
3
Let b(q) = -q**3 + 153*q**2 + 640*q - 2009. What is b(157)?
-125
Let z(h) = 9747*h - 1686242. Give z(173).
-11
Let x(h) = 161*h**2 - 690*h - 64. Determine x(3).
-685
Let l(a) = 176*a + 9. What is l(1)?
185
Let a(k) = k**2 - 2014*k + 14110. Give a(7).
61
Let g(k) = -3*k**2 + 355*k - 4539. Determine g(106).
-617
Let z(i) = -i**3 + 64*i**2 + 252*i + 80. Determine z(-3).
-73
Let c(u) = 132686*u - 265481. Calculate c(2).
-109
Let g(f) = 53*f**2 - 2483*f + 10. Determine g(47).
386
Let o(v) = -179*v + 401. What is o(-9)?
2012
Let p(j) = 2679*j + 17615. Give p(-7).
-1138
Let h(b) = -6*b**3 + 442*b**2 + 140*b + 389. Calculate h(74).
-203
Let a(b) = -b**2 + 3699*b - 77522. Calculate a(21).
-284
Let m(b) = 3*b**3 + 693*b**2 + 152*b + 35120. Determine m(-231).
8
Let q(l) = 7252*l - 44747. What is q(6)?
-1235
Let h(l) = -21*l**2 - 6153*l + 4990. Determine h(-294).
-1184
Let c(a) = -25060*a - 100238. Calculate c(-4).
2
Let s(q) = -2*q**3 + 177*q**2 + 1437*q + 226. What is s(96)?
-62
Let f(r) = -177659*r - 355273. Give f(-2).
45
Let j(f) = -f**3 - 8*f**2 + 11*f + 51. Determine j(-14).
1073
Let m(k) = -k**2 - 593*k + 92297. Give m(128).
9
Let h(s) = 502*s + 33157. Calculate h(-66).
25
Let k(m) = -9*m**3 + 41*m**2 - 207*m - 78. Determine k(5).
-1213
Let f(i) = -i**3 - 22598*i**2 - 15*i - 14. Give f(0).
-14
Let v(g) = -g**2 + 603*g - 72032. Determine v(166).
510
Let v(t) = -2*t**2 - 379*t - 8494. What is v(-26)?
8
Let c(v) = 173*v**2 - 7*v - 21. Determine c(-2).
685
Let h(y) = 60*y**2 - 1014*y + 2954. Give h(13).
-88
Let k(y) = 3*y**2 - 115*y + 588. Determine k(29).
-224
Let d(o) = 1925*o + 123205. What is d(-64)?
5
Let u(q) = 4371*q + 266632. Give u(-61).
1
Let l(d) = 194743*d + 3115888. Determine l(-16).
0
Let b(f) = 6*f**3 + 71*f**2 + 13*f + 318. Calculate b(-12).
18
Let n(g) = 48965*g**3 + 391718*g**2 - 14*g - 1. Give n(-8).
-17
Let c(y) = 3148319*y - 3. Determine c(0).
-3
Let p(n) = 210*n - 34711. Give p(166).
149
Let r(z) = -1561*z - 54504. Calculate r(-35).
131
Let s(r) = -36*r + 2862. Calculate s(102).
-810
Let w(h) = -512*h - 15154. Determine w(-30).
206
Let u(x) = -246675*x - 986710. What is u(-4)?
-10
Let y(b) = 6*b**2 + 3638*b - 35734. What is y(-616)?
-6
Let g(p) = -905*p**3 + 2*p**2 + 158*p - 159. Calculate g(1).
-904
Let s(p) = -2979*p + 834129. Give s(280).
9
Let u(d) = 51672*d + 1808519. Give u(-35).
-1
Let f(w) = 26316*w + 736863. Calculate f(-28).
15
Let p(i) = -i**3 - 29*i**2 - 178*i - 5. What is p(-20)?
-45
Let s(k) = 450*k**2 + 86857*k + 1354. What is s(-193)?
3
Let x(l) = -4125*l - 28941. Calculate x(-7).
-66
Let p(o) = -3*o**3 - 85*o**2 + 6232*o + 179001. Give p(-29).
-45
Let u(q) = -6*q**2 - 275*q - 2734. Determine u(-10).
-584
Let z(p) = 168*p**2 + 14623*p + 635. Calculate z(-87).
26
Let c(i) = 20*i**2 + 5492*i - 21953. Determine c(4).
335
Let r(w) = -1350*w - 17304. What is r(-12)?
-1104
Let h(y) = 586*y - 3738. Calculate h(6).
-222
Let j(s) = -46*s**3 + 10*s**2 - 14*s + 20. Give j(3).
-1174
Let q(c) = 63366*c - 1964347. Calculate q(31).
-1
Let k(b) = -145*b + 17610. Determine k(120).
210
Let i(a) = 3436*a - 1054652. Calculate i(307).
200
Let u(j) = -j**2 - 5663*j - 2269384. What is u(-434)?
2
Let d(u) = -u**3 - 11*u**2 + 183*u + 1764. Determine d(-10).
-166
Let m(g) = -g**3 - 2231*g - 13605. Calculate m(-6).
-3
Let o(a) = -9*a**2 - 7426*a - 29715. What is o(-4)?
-155
Let m(b) = -12*b**2 - 1442*b - 7293. What is m(-5)?
-383
Let g(x) = -3*x**2 - 525*x + 17029. What is g(-203)?
-23
Let d(j) = 3*j**2 + 144*j - 519. What is d(5)?
276
Let h(c) = 38899*c + 544591. Calculate h(-14).
5
Let p(z) = 5*z**2 + 1262*z + 8189. What is p(-245)?
-876
Let a(i) = 269*i**2 + 2745*i - 2350. Give a(-11).
4
Let u(h) = -7*h**3 - 582*h**2 + 4825*h + 407366. Determine u(-83).
2
Let j(g) = 8*g**3 - 18*g**2 + 15*g - 59. Calculate j(5).
566
Let u(c) = c**2 - 311*c + 10474. Calculate u(266).
-1496
Let v(z) = -5108*z - 127765. Give v(-25).
-65
Let q(l) = 2*l**2 - 54876*l + 329242. Give q(6).
58
Let n(q) = q**2 - 1246*q + 66590. What is n(56)?
-50
Let o(l) = 8*l**3 - 623*l**2 - 2702*l - 305. Give o(82).
23
Let l(y) = -3740*y - 452549. Give l(-121).
-9
Let z(d) = 29823*d + 208756. Give z(-7).
-5
Let p(k) = -35*k**3 - 699*k**2 + 6*k - 283. Calculate p(-20).
-3
Let j(y) = -11*y**2 - 16714*y - 610593. Give j(-1482).
-9
Let q(v) = 2*v**3 - 735*v**2 + 37620*v + 5512. Give q(306).
4
Let m(q) = q**3 - 47*q**2 + 212*q - 1771. Determine m(43).
-51
Let s(t) = t**3 - 234*t**2 - 717*t + 1191. Calculate s(237).
-231
Let n(y) = -296*y**2 - 932*y + 4. What is n(-3)?
136
Let j(a) = -a**2 + 18*a + 77. Give j(20).
37
Let u(v) = -v**3 + 55*v**2 + 109*v + 413. Give u(57).
128
Let d(v) = -4475*v - 935300. Determine d(-209